8199 a composite number?
True
Is 35863322479 a composite number?
False
Is 43713454811 prime?
False
Is 271187623 a composite number?
True
Is 63262787807 prime?
False
Is 48374002597 prime?
False
Is 5776757291 a composite number?
True
Is 3290913921 a prime number?
False
Is 266330539 a prime number?
True
Is 7395465799 composite?
False
Is 5217547601 prime?
False
Is 11331342361 composite?
False
Is 1921110803 prime?
True
Is 12737592899 a prime number?
True
Is 744158671 a prime number?
True
Is 209951893 a prime number?
True
Is 112805941 composite?
True
Is 409226217 a prime number?
False
Is 13682751617 a prime number?
True
Is 12453530977 a composite number?
False
Is 2780068861 composite?
False
Is 387774973619 prime?
False
Is 2511252827 composite?
True
Is 23889764533 a composite number?
True
Is 3872680241 a prime number?
True
Is 132897535117 prime?
True
Is 2137575637 composite?
False
Is 86061818081 prime?
True
Is 10677811727 prime?
False
Is 4269353983 composite?
False
Is 4427347709 composite?
False
Is 1121435783 a prime number?
False
Is 664196293 prime?
True
Is 120039971 prime?
True
Is 24487140869 composite?
False
Is 10639454429 a composite number?
True
Is 41031432661 composite?
False
Is 247462147615 a composite number?
True
Is 13877038583 prime?
False
Is 405028769 prime?
True
Is 36713161181 a prime number?
False
Is 1867767277 composite?
False
Is 428946263 a composite number?
False
Is 231453407 a prime number?
True
Is 12869387 prime?
True
Is 12582859001 composite?
True
Is 12529471379 composite?
False
Is 87256544987 composite?
False
Is 3315715409 prime?
True
Is 8114762069 composite?
True
Is 148644701 a prime number?
False
Is 92947142391 prime?
False
Is 4208530987 prime?
True
Is 6599794583 a composite number?
False
Is 1107272677 a prime number?
False
Is 5348618887 a composite number?
False
Is 399602261 a composite number?
True
Is 76248097907 a composite number?
False
Is 38653534943 a composite number?
False
Is 92046074069 composite?
False
Is 21076859491 composite?
False
Is 874460843 a composite number?
True
Is 6280760209 composite?
True
Is 129146525731 a composite number?
True
Is 720068119 a prime number?
True
Is 139369685659 a composite number?
False
Is 97058417 composite?
True
Is 42000918371 a prime number?
True
Is 13304893661 a composite number?
False
Is 101774327 a prime number?
True
Is 1316628149 composite?
True
Is 5182580653 prime?
True
Is 30789738047 prime?
False
Is 4128319483 composite?
True
Is 10718709301 a composite number?
True
Is 201350803 composite?
True
Is 1042231471 a composite number?
True
Is 5226693467 a prime number?
True
Is 411772337 prime?
True
Is 3069564941 composite?
True
Is 6440431031 a composite number?
False
Is 1235283395 prime?
False
Is 126807077 a prime number?
False
Is 31038967283 prime?
False
Is 1757753591 a composite number?
True
Is 20330091949 composite?
False
Is 12214399 a prime number?
True
Is 97792337 composite?
False
Is 4023150853 composite?
False
Is 1594459201 a prime number?
True
Is 19899420923 a prime number?
True
Is 345425365 prime?
False
Is 464297549 composite?
False
Is 1182470941 a composite number?
True
Is 20628867449 a prime number?
True
Is 2808796663 composite?
False
Is 50888209 prime?
False
Is 8920838851 a composite number?
True
Is 152708527 prime?
False
Is 3384494549 composite?
True
Is 25640778251 a composite number?
True
Is 16606989991 a composite number?
False
Is 290606087 a prime number?
True
Is 889378645 prime?
False
Is 161233875743 composite?
False
Is 916846549 a composite number?
False
Is 116516669 a prime number?
True
Is 1515229679 prime?
True
Is 14231799937 a prime number?
True
Is 4131954565 composite?
True
Is 171821681 a composite number?
True
Is 9554555807 prime?
True
Is 992755847 a prime number?
True
Is 1324476097 prime?
False
Is 1344591151 a composite number?
True
Is 1101365767 a prime number?
False
Is 3845198737 prime?
False
Is 156456803 a composite number?
True
Is 234035183 composite?
True
Is 3070499 a composite number?
False
Is 78630403133 prime?
False
Is 108878576585 a composite number?
True
Is 33746332489 prime?
True
Is 3812090207 composite?
False
Is 8143329503 composite?
True
Is 3633979933 prime?
False
Is 25024952893 composite?
False
Is 246262001 a prime number?
False
Is 64279081513 prime?
False
Is 10139532041 prime?
True
Is 68631041191 prime?
True
Is 86204579493 a prime number?
False
Is 13847167 prime?
True
Is 828141901 prime?
False
Is 147374502263 a prime number?
False
Is 1364479507 composite?
False
Is 25125229219 composite?
False
Is 1679738561 prime?
True
Is 6537531667 prime?
True
Is 3868766485 prime?
False
Is 1966304833 prime?
True
Is 7367689463 a prime number?
False
Is 5476072411 a prime number?
True
Is 7012881221 composite?
False
Is 362310134 prime?
False
Is 314182591 composite?
True
Is 1078103011 a prime number?
True
Is 2457954929 a prime number?
True
Is 3082230859 composite?
True
Is 4980926915 a composite number?
True
Is 14038501 a composite number?
False
Is 17320437841 a prime number?
False
Is 1111852837 prime?
False
Is 2395326499 composite?
False
Is 806859701 a composite number?
True
Is 981260933 prime?
False
Is 39360936557 prime?
True
Is 30181308389 a composite number?
False
Is 222553273303 prime?
False
Is 185950409 prime?
True
Is 342643309 composite?
False
Is 78343233 prime?
False
Is 821393557 a composite number?
False
Is 5068711091 a prime number?
True
Is 723870779 a prime number?
True
Is 1006683179 prime?
False
Is 1173225587 prime?
True
Is 21166343137 a composite number?
True
Is 85627991 a composite number?
False
Is 168175817 a composite number?
False
Is 1097215217947 prime?
True
Is 3552572269 a prime number?
True
Is 518105578 a composite number?
True
Is 13080753493 a prime number?
False
Is 5264141185 a prime number?
False
Is 114898747 a prime number?
True
Is 8168605547 a composite number?
False
Is 16189170927 a composite number?
True
Is 337519181 prime?
False
Is 14717681107 prime?
False
Is 2540864327 prime?
False
Is 272068889 prime?
True
Is 48366731 composite?
True
Is 2245301995 a composite number?
True
Is 5806953923 a prime number?
False
Is 1750615757 a composite number?
True
Is 2865763381 a prime number?
False
Is 64836348527 a composite number?
True
Is 416508317 a prime number?
False
Is 204561101 composite?
False
Is 837905749 a prime number?
True
Is 267983539 prime?
False
Is 3918278587 a prime number?
False
Is 35143931 a prime number?
False
Is 1939597859 prime?
True
Is 399903495851 prime?
False
Is 8500167487 a composite number?
True
Is 2854703609 a composite number?
False
Is 760173349 a prime number?
False
Is 101905843391 a prime number?
False
Is 2883962777 a composite number?
False
Is 3070484689 composite?
True
Is 4949145959 a prime number?
False
Is 3780459399 a prime number?
False
Is 1195771557 composite?
True
Is 6707183407 a prime number?
False
Is 1180213459 prime?
True
Is 396639281 composite?
False
Is 1449061637 composite?
False
Is 6440505689 a composite number?
False
Is 11865305759 a composite number?
False
Is 6432554111 a composite number?
False
Is 904223417 a composite number?
True
Is 8453269439 a prime number?
False
Is 1023904039 composite?
False
Is 4056892667 a prime number?
True
Is 4901223931 prime?
True
Is 2559538703 a composite number?
False
Is 360277007 a prime number?
True
Is 18984341683 composite?
False
Is 3173714939 prime?
True
Is 25315239737 prime?
False
Is 1934423017 a composite number?
False
Is 351335393 a prime number?
True
Is 725399471 a composite number?
False
Is 4343134253 prime?
False
Is 2774349889 a prime number?
False
Is 13828052053 a prime number?
False
Is 135236807 a prime number?
False
Is 994554217 a prime number?
False
Is 12344007089 a prime number?
True
Is 1733130291 composite?
True
Is 666948941 a prime number?
False
Is 282934021541 a prime number?
True
Is 5236088029 a composite number?
False
Is 3398830001 a composite number?
True
Is 31972180127 composite?
False
Is 6906902731 prime?
False
Is 668543693 a prime number?
True
Is 4525326511 a composite number?
False
Is 10347271771 a composite number?
False
Is 2552297311 a composite number?
False
Is 8880722479 a prime number?
True
Is 2427135619 a prime number?
True
Is 759811711 a composite number?
False
Is 3842530177 prime?
True
Is 67957853779 a prime number?
True
Is 2386959893 a composite number